 -i**3 - 38*i**2 - 42*i - 181. What is l(-37)?
4
Let k(v) = -2*v**3 + 1121*v**2 + 2236*v - 14. Calculate k(-2).
14
Let j(k) = 20*k + 444. Determine j(-24).
-36
Let s(v) = v**3 - 4*v**2 + 2*v - 3. Calculate s(2).
-7
Let m(y) = -y**2 + 109*y - 2902. Determine m(45).
-22
Let u(t) = -t**2 + 28*t - 86. Calculate u(5).
29
Let j(v) = v**3 - 19*v**2 + 20*v - 76. What is j(18)?
-40
Let j(r) = -8*r**2 + 55*r - 387. Determine j(6).
-345
Let t(m) = -m**3 - 25*m**2 - 66*m + 12. Give t(-22).
12
Let l(c) = -c**3 + 6*c**2 + 64*c - 81. Determine l(11).
18
Let v(c) = -1959*c - 3920. Determine v(-2).
-2
Let a(w) = -w**3 - 13*w**2 + 20*w - 66. Determine a(-15).
84
Let t(j) = -3*j**2 + 70*j + 291. Calculate t(27).
-6
Let b(s) = 65*s - 64. Determine b(6).
326
Let h(y) = -5*y**3 - 4*y**2 - 5*y - 1. Calculate h(-1).
5
Let k(i) = -48*i**2 - 20*i - 19. Calculate k(-1).
-47
Let m(k) = 2*k**3 - 44*k**2 - 27*k + 637. What is m(22)?
43
Let y(u) = 4*u**2 - 207*u + 755. Give y(48).
35
Let r(w) = -8*w**3 - 7*w**2 - 6*w + 1. What is r(-3)?
172
Let s(t) = -3*t**3 - 186*t**2 - t - 57. Give s(-62).
5
Let i(r) = 26*r**3 - 8*r + 9. Calculate i(1).
27
Let t(l) = 4*l + 129. What is t(-11)?
85
Let y(a) = -a**2 - 41*a + 4438. What is y(49)?
28
Let o(u) = -2*u**3 + 9*u**2 - 28*u + 67. Determine o(3).
10
Let d(r) = 18*r**2 - 31*r + 4. Give d(3).
73
Let r(g) = 6*g + 309. Calculate r(-8).
261
Let b(p) = p**3 + 292*p**2 + 15*p + 4380. Give b(-292).
0
Let d(u) = u**2 - 246*u + 5142. Calculate d(23).
13
Let s(i) = -70*i - 749. What is s(-9)?
-119
Let f(u) = 2*u**3 - 2*u**2 + 7*u - 8. What is f(-4)?
-196
Let w(z) = -z**3 - 32*z**2 - 53*z - 583. What is w(-31)?
99
Let z(b) = 23*b**2 + 131*b - 30. What is z(-6)?
12
Let i(k) = k**3 + 8*k**2 + 10*k - 10. Give i(-6).
2
Let z(v) = v**3 - 48*v**2 - 19*v + 911. Calculate z(48).
-1
Let h(c) = -c**2 + 47*c - 420. What is h(37)?
-50
Let b(j) = -7*j**2 - 15*j - 27. What is b(-4)?
-79
Let b(z) = 49*z**3 + 12*z**2 + 11*z + 7. Determine b(-2).
-359
Let j(c) = -6*c**2 + 70*c - 149. Calculate j(10).
-49
Let a(y) = -5*y**3 - 44*y**2 + 50*y + 390. Calculate a(-9).
21
Let x(l) = -l**3 + 28*l**2 + 64*l - 117. Determine x(30).
3
Let j(k) = 2*k**2 + 171*k + 535. Give j(-80).
-345
Let x(t) = -2*t**3 + 105*t**2 - 54*t + 108. What is x(52)?
4
Let r(p) = -p**3 + 5*p**2 + 29*p - 67. Determine r(2).
3
Let w(a) = 261*a - 47264. What is w(181)?
-23
Let k(d) = 26*d**3 + 2*d - 12. What is k(-3)?
-720
Let u(g) = 3*g**3 - 40*g**2 + 101*g + 13. Determine u(10).
23
Let m(l) = l**3 - 3*l**2 - l - 22. Calculate m(0).
-22
Let x(l) = -l**3 - 6*l**2 + 9*l - 224. Give x(0).
-224
Let n(w) = 10*w - 287. What is n(27)?
-17
Let k(s) = -s**3 - 33*s**2 - 38*s - 310. Determine k(-32).
-118
Let x(m) = -1200*m + 9595. Determine x(8).
-5
Let u(s) = -s**3 - 29*s**2 + 37*s - 773. Calculate u(-31).
2
Let x(j) = 700*j - 16096. Calculate x(23).
4
Let p(m) = 5*m**2 - 121*m - 27. Give p(25).
73
Let a(g) = -g**3 - 33*g**2 - 247*g - 72. Calculate a(-20).
-332
Let v(q) = -q**3 - 17*q**2 - 22*q + 114. Calculate v(-15).
-6
Let v(a) = -5*a**2 - 264*a - 308. Give v(-52).
-100
Let s(r) = -r**3 + 13*r**2 - 27*r + 7. Give s(11).
-48
Let q(l) = 31*l**2 + 2867*l - 4418. Determine q(-94).
0
Let q(l) = -l**3 - 52*l**2 - 11*l - 519. Give q(-52).
53
Let i(n) = -8*n**2 + 205*n - 15. Determine i(27).
-312
Let n(z) = -z**3 + 15*z**2 + 225*z - 3248. Give n(17).
-1
Let v(a) = -80*a - 1530. Calculate v(-16).
-250
Let u(p) = 20*p**2 - 160*p - 24. Calculate u(8).
-24
Let w(m) = -93*m + 3252. Determine w(38).
-282
Let f(p) = -p**2 - 28*p - 8. Give f(-22).
124
Let o(j) = j**3 - 46*j**2 - 16*j - 1464. Calculate o(47).
-7
Let v(f) = -2*f**3 + 19*f**2 - 23*f + 6. What is v(7)?
90
Let r(a) = -34048*a + 204296. Determine r(6).
8
Let m(s) = s**3 - 5*s**2 + 133*s - 1252. Give m(8).
4
Let y(u) = 2*u**2 + 106*u - 264. Determine y(-56).
72
Let m(i) = 52*i - 564. Give m(11).
8
Let b(u) = 513*u - 3104. Determine b(6).
-26
Let n(f) = -391*f + 11338. Determine n(29).
-1
Let m(a) = 15*a + 594. What is m(-39)?
9
Let s(t) = 902*t + 896. Calculate s(-1).
-6
Let b(p) = -p**2 + 25*p + 227. Give b(-7).
3
Let t(f) = -f - 394. Determine t(-49).
-345
Let v(l) = 958*l**3 - 3*l**2 + 4*l - 1. Give v(1).
958
Let k(m) = -m**3 + 30*m**2 - 175*m - 30. What is k(22)?
-8
Let f(b) = -1510*b - 3101. Give f(-2).
-81
Let l(w) = 2*w**2 + 16*w + 18. What is l(-1)?
4
Let c(t) = -65*t - 838. Give c(-13).
7
Let k(t) = -204*t + 19995. What is k(98)?
3
Let s(h) = -h**2 + 396*h - 15431. Determine s(44).
57
Let j(v) = 6*v + 227. Calculate j(-16).
131
Let v(f) = 117*f - 2977. Determine v(24).
-169
Let s(k) = k - 24. Give s(30).
6
Let v(q) = q**3 + 15*q**2 - 121*q + 3. Calculate v(-21).
-102
Let h(s) = 2*s**2 - 36*s + 118. What is h(14)?
6
Let r(f) = 689*f**2 - 323*f - 1. Determine r(1).
365
Let d(r) = -r**2 + 54*r + 542. Give d(-10).
-98
Let t(z) = -9*z**2 - 57*z - 11. Calculate t(-7).
-53
Let z(f) = -185*f + 25. Calculate z(1).
-160
Let h(x) = -2*x**2 - 12*x + 104. Give h(6).
-40
Let w(b) = -148*b + 447. Give w(3).
3
Let g(n) = 3*n + 375. Determine g(3).
384
Let a(r) = -16*r**2 - 19*r - 8. What is a(-2)?
-34
Let f(b) = -4*b**2 + 9*b + 290. Calculate f(0).
290
Let f(p) = 11*p**2 + 18*p + 43. Give f(-5).
228
Let g(i) = -4*i**2 + 2324. What is g(-24)?
20
Let k(x) = 275*x + 1875. Give k(-7).
-50
Let y(u) = -154*u + 1703. What is y(11)?
9
Let d(s) = 3*s**2 + 19*s + 67. Determine d(-3).
37
Let r(s) = -11*s**2 + 46*s + 36. What is r(6)?
-84
Let p(i) = -i**3 - 5*i**2 + 34*i - 2. Determine p(4).
-10
Let a(g) = g**3 + 23*g**2 - 13*g - 26. What is a(-24)?
-290
Let y(i) = i**3 - 3*i**2 - 24*i - 4. Determine y(5).
-74
Let b(u) = u**2 - 6*u - 239. Give b(18).
-23
Let k(t) = t**2 + 68*t - 530. Calculate k(7).
-5
Let z(u) = 6*u**2 - 166*u - 602. Determine z(31).
18
Let w(v) = 4*v**2 - 43*v + 131. Give w(3).
38
Let s(p) = -8*p**2 + 35*p + 199. Determine s(-5).
-176
Let l(t) = 102*t - 5085. What is l(50)?
15
Let q(d) = 4*d**3 - 220*d**2 + 2*d + 37. Determine q(55).
147
Let g(s) = -2*s**2 + 167*s - 3033. What is g(57)?
-12
Let b(p) = 2*p + 43. Calculate b(74).
191
Let z(o) = -o**3 + 29*o**2 - 145*o + 146. Calculate z(23).
-15
Let d(w) = -w**3 - 156*w**2 - 157*w - 298. Give d(-155).
12
Let w(x) = -x**3 - 49*x**2 + 92*x + 114. Calculate w(-51).
624
Let d(j) = -926*j + 25014. Calculate d(27).
12
Let i(z) = 3*z**3 - 50*z**2 + 33*z + 50. What is i(16)?
66
Let q(n) = -22*n**3 + 222*n**2 - 12*n - 107. What is q(10)?
-27
Let u(x) = 2*x**2 + 11*x - 11. Calculate u(-8).
29
Let w(v) = 9*v**2 - 130*v - 79. Calculate w(15).
-4
Let j(q) = -89*q**3 - 263*q**2 + 9*q - 9. Determine j(-3).
0
Let x(c) = 13*c**2 - 140*c - 27. Calculate x(11).
6
Let s(p) = 2*p**3 - 56*p**2 - 135*p + 435. What is s(30)?
-15
Let m(t) = -3*t**2 + 10*t - 2. What is m(3)?
1
Let g(w) = 7*w**2 + 104*w + 428. What is g(-8)?
44
Let h(t) = -2*t**2 - 550*t - 37810. Determine h(-138).
2
Let j(l) = l**2 - 28*l - 659. Determine j(-16).
45
Let o(v) = v**3 - 7*v**2 - 56*v + 138. Determine o(2).
6
Let s(m) = -809*m + 5654. What is s(7)?
-9
Let v(g) = -54*g + 1231. Give v(19).
205
Let y(f) = 90*f + 4153. Determine y(-46).
13
Let o(w) = -6*w**2 - 443*w - 2648. Give o(-6).
-206
Let o(j) = -33*j + 161. Give o(5).
-4
Let c(o) = 161*o - 1602. Give c(10).
8
Let y(l) = l**3 + l**2 - 27*l - 13. Determine y(-7).
-118
Let v(y) = 5*y**2 + 121*y - 355. Calculate v(-27).
23
Let x(v) = v**3 - 7*v**2 - v - 14. What is x(0)?
-14
Let p(j) = 6*j**2 - 180*j - 21. Determine p(11).
-1275
Let c(a) = -18*a**2 - 362*a - 40. Calculate c(-20).
0
Let d(j) = -j**3 - 13*j**2 + 72*j + 6. Calculate d(5).
-84
Let a(d) = -21*d - 1732. Determine a(-68).
-304
Let r(k) = 54*k - 8321. Give r(154).
-5
Let x(b) = -b**3 - 5*b**2 + 581*b + 3451. Calculate x(-6).
1
Let d(y) = y**3 + 2*y**2 - 7*y - 21. What is d(-6)?
-123
Let g(m) = -5*m**3 - 122*m**2 + 28*m + 1828. Calculate g(-24).
4
Let y(f) = f**3 + 21*f**2 + 49*f + 214. Calculate y(-19).
5
Let p(f) = -f**3 - 101*f**2 - 80*f + 1996. Determine p(-100).
-4
Let r(v) = 16*v**2 + 3750*v - 2352. What is r(-235)?
-2
Let x(o) = -o**2 - 55*o - 124. What is x(-50)?
126
Let a(u) = 25*u - 52. Determine a(2).
-2
Let o(u) = -2*u**2 + 42*u + 3404. Give o(-32).
12
Let o(v) = v**2 - 174*v + 5391. Calculate o(40).
31
Let n(w) = -127*w + 251. Give 